 - 10, 3*t = -t + s - 11. Let m = 17 + t. Let r be 1/(5 + (-1395)/280). What is the highest common divisor of r and m?
14
Suppose -k + z + 17 = 0, -2*k + 2*z = 3*k - 73. What is the greatest common divisor of k and 26?
13
Suppose -6*s - 1216 = -14*s. What is the highest common divisor of 19 and s?
19
Suppose -f = -24 - 16. What is the highest common factor of f and 30?
10
Suppose 7*j - 354 = -109. What is the highest common divisor of j and 10?
5
Suppose 3 = 2*o - 1, -3*o + 230 = 4*z. What is the highest common divisor of z and 28?
28
Let f(q) = 5*q**2 + 10*q + 8. Let n(u) = 4*u**2 + 9*u + 8. Let z(a) = -2*f(a) + 3*n(a). Let j be z(-6). Calculate the greatest common divisor of j and 95.
19
Let w = -8 + 13. Calculate the highest common divisor of 5 and w.
5
Suppose -22 = 4*i - 66. Suppose -3*x + i = -10. Calculate the greatest common factor of x and 1.
1
Let j(b) = b**2 + 6*b + 8. Let z be j(-8). Let n be ((-12)/(-9))/((-5)/(-270)). What is the greatest common factor of n and z?
24
Let u = -7 - -22. Let x = u - 10. What is the greatest common factor of x and 45?
5
Suppose -d + 5*d + 5*j - 40 = 0, 0 = j. Let p = 14 - d. What is the greatest common divisor of 4 and p?
4
Let l be 6 + -2 + -5 - -41. Calculate the greatest common factor of l and 32.
8
Let h(u) = u + 0 - 2 - 2*u. Let f(m) = -m - 2. Let s be f(8). Let g be h(s). What is the highest common factor of g and 8?
8
Suppose -3*r - 55 = -8*r + 5*t, r = -t + 15. Calculate the highest common factor of r and 39.
13
Let i(l) = 27*l. Let n = 3 - 6. Let a = n + 4. Let b be i(a). What is the greatest common divisor of 9 and b?
9
Let f = -2 + 1. Let y be -4 + 2/((-6)/(-9)). Let m be 1 - f - (-8 - y). Calculate the greatest common factor of m and 99.
9
Suppose -i - 18 = -3*i. Let l = -59 + 95. What is the highest common factor of l and i?
9
Let l = -4 + 8. Suppose -4*z - 4*h + 864 = 0, z - 3*h + 139 - 371 = 0. Suppose -3*o = -8*o + z. What is the highest common factor of o and l?
4
Let p be (80/(-12))/4*-3. Calculate the highest common factor of 45 and p.
5
Suppose 0 = -a - 2*u + 27, -2*a - 4*u = -3*a + 3. Calculate the greatest common divisor of a and 38.
19
Suppose g + 19 + 71 = -5*m, -4*g = -2*m + 294. Let i = g - -150. Let c(p) = -p**2 + 30. Let o be c(0). What is the greatest common factor of o and i?
15
Suppose -3*f = 3*g - 228, -2*g + 145 = 2*f - 7*f. What is the highest common divisor of g and 50?
25
Let z = 4 + -2. Suppose -6 = -2*n - 3*y, -2*n - n + z*y + 22 = 0. Calculate the highest common divisor of 4 and n.
2
Suppose 5*z = -2*q - 0*z + 5, 5*q + 3*z = 60. Suppose 2*g + 12 = -2*g. Let y be 96/9 + 2/g. Calculate the greatest common factor of y and q.
5
Let r(d) = -8*d**2 + 2. Let n be r(2). Let z = n + 55. Calculate the highest common divisor of 10 and z.
5
Suppose g = 2*v + 14, -2*g - 3*v + 53 = 11. What is the greatest common divisor of g and 2?
2
Let k be (-20)/7*(21/2)/(-3). Let j = 19 + 1. What is the greatest common divisor of k and j?
10
Let c(n) = -n**2 - 6*n - 1. Let w be c(-3). Suppose -2 = l + 1. Let g = 5 - l. What is the greatest common factor of g and w?
8
Let x be (-1)/(-2) + (-69)/(-6). Suppose 4*l + 20 = 0, 5*k + l - x = 13. What is the greatest common divisor of k and 3?
3
Let i be (0 - 3/(-4))*84. Calculate the greatest common factor of i and 9.
9
Let m(g) = 43*g - 12. Let u be m(4). Let x be 1*-19*-1 + 1. Calculate the highest common factor of u and x.
20
Let z = 15 - 7. Suppose -6*j = -j - 40. Suppose -j*y + 3*y = -440. Calculate the highest common factor of z and y.
8
Suppose j + 4*j + 17 = 2*f, 4*f = -2*j + 46. Suppose f = -4*u + 103. Let g = -8 + u. What is the highest common divisor of 75 and g?
15
Let g(h) = 17*h - 14. Let t be g(7). What is the highest common factor of t and 21?
21
Let k be 23 - (-6 - -2) - 3. Calculate the greatest common divisor of 168 and k.
24
Let g be 10 - -2 - (2 - 1). Let c(x) = x + 1. Let l be c(2). Suppose 0 = -z - s + 19, -75 = -l*z + 3*s - 0*s. Calculate the highest common divisor of z and g.
11
Suppose -5*q + 153 = -42. Calculate the greatest common factor of 195 and q.
39
Let q be (2 + -1)/(7/315). What is the highest common divisor of q and 9?
9
Let w(z) = -z**3 + 7*z**2 + 8*z + 2. Let m be w(8). What is the highest common divisor of m and 20?
2
Suppose 2*r - 18 - 14 = -5*u, -3*u = 5*r - 42. Let k = 6 - 2. What is the greatest common divisor of k and r?
2
Let w(r) = -2*r - 1. Let g be w(-7). Suppose -37 + g = -6*b. What is the highest common divisor of 28 and b?
4
Suppose 0*j + j + z = 22, 46 = 2*j + z. Calculate the highest common divisor of j and 264.
24
Let k be (3 + 10/(-3))*-39. Let u be (-2 - -6)*13/(-2). Let q be (1*-4)/(4/u). What is the highest common divisor of q and k?
13
Suppose t - 29 = 4*j + 35, 0 = -2*t + j + 121. Suppose 0 = -4*w + 48 + t. What is the highest common factor of 297 and w?
27
Let n be -18*(222/(-12) - (3 - 1)). Calculate the highest common divisor of 41 and n.
41
Suppose 19*g - 54 = 16*g. Let x(q) = 2*q**2 - 8*q + 3. Let t be x(7). What is the highest common divisor of t and g?
9
Suppose 67 - 27 = 4*f. Calculate the highest common factor of 30 and f.
10
Suppose 4*i - 30 = i. Let v = i - 8. What is the greatest common factor of 2 and v?
2
Let f = -4 - -16. Let q = -83 + 167. What is the greatest common factor of q and f?
12
Let u be 909/6*(-12)/(-9). Suppose -2*p + 106 = -5*l, -2*l - 3*l - u = -4*p. What is the greatest common factor of 16 and p?
16
Let z be (-1434)/(-9) - 22/(-33). What is the greatest common divisor of 20 and z?
20
Let o(w) = -5*w + 1. Let r(h) = 2*h + 3. Let d be r(-2). Let c be o(d). What is the highest common factor of c and 48?
6
Let c = -8 + 3. Let b(v) = -v**2 - 7*v - 6. Let u be b(c). Calculate the highest common factor of 28 and u.
4
Let x = -10 - -18. Let u(i) = -6 - 5 - 1 + 0 + 2*i. Let r be u(x). Calculate the greatest common divisor of 8 and r.
4
Suppose 9*w - 28 = 5*w. Let u(d) = 2*d**2 - 1. Let z be u(2). What is the highest common factor of z and w?
7
Let p(l) = -l**3 - 8*l**2 - 4*l + 10. Let y be p(-8). Calculate the greatest common divisor of 28 and y.
14
Let s(u) = u**3 - 3*u**2 + 4*u - 3. Let h be s(2). Let q be -16 + 1*1/h. Let d be ((-6)/(-5))/((-2)/q). What is the highest common factor of d and 36?
9
Suppose 2*t - 560 = -0*t. Suppose 3*i + 2*i - t = 0. Calculate the highest common divisor of 14 and i.
14
Let l = 13 + -13. Suppose 3*x + 5*g - g - 7 = l, -5*g = 2*x + 7. Calculate the greatest common divisor of x and 27.
9
Suppose 2*m + 1 = 7. Suppose 0 = 5*k + 2*f - 21, f + 8 = -m*f. Calculate the greatest common divisor of k and 25.
5
Let y be (54/(-8))/(3/(-12)). Let i = 89 + -55. Let a = 52 - i. Calculate the highest common divisor of y and a.
9
Let v(p) = -p - 3. Let j be v(-5). Suppose -4*z = -j*z - 16. Calculate the highest common divisor of z and 20.
4
Let z = 13 - 1. Let w(a) = a**3 - 4*a**2 + 3*a - 6. Let l be w(4). Calculate the greatest common factor of l and z.
6
Let p(n) = 3*n**2 + n - 1. Let m be p(1). Suppose 0 = t + 4*c - 136, c - 371 - 15 = -m*t. What is the highest common divisor of t and 16?
16
Let s = -258 + 431. Suppose 0 = i - 2, w - 4*i + s = 4*w. What is the highest common divisor of w and 5?
5
Let w be (1 + 1)/(6/9). Let o be -2 - -10 - (-6 + 11). Calculate the highest common factor of o and w.
3
Suppose -a - 31 + 146 = 0. Let y(q) = -5*q + 10*q + q + q**2 + 23 + 6*q. Let m be y(-12). What is the greatest common factor of m and a?
23
Suppose 4*g - 22 = 2*g. Suppose -2 = 2*i, 5*s + 2*i - 111 = 3*i. What is the greatest common factor of s and g?
11
Let u = -27 - -81. Calculate the greatest common factor of u and 72.
18
Let a be (-20)/(-4) + -2 + 57. What is the highest common factor of a and 40?
20
Suppose 6 = 3*p - 6. Suppose 0 = w - 2*y - 6, p*y + y - 57 = -2*w. Let g be (-1 - -13)*12/9. Calculate the greatest common factor of w and g.
16
Suppose -3*l + c - 71 = 0, 2*c + 0 + 8 = 0. Let v be l*66/15*-1. Suppose -37 = -4*q + 3. Calculate the greatest common divisor of v and q.
10
Let b be (1 + 0)/2*10. Let d(i) = 3*i + 2. Let c be d(b). What is the greatest common factor of c and 17?
17
Let l(s) = -s**2 + s + 55. Let w be l(0). Let h(z) = z**3 - 33*z**2 + 90*z + 5. Let g be h(30). Calculate the greatest common factor of w and g.
5
Let i = 